emainder when 13 is divided by n(5)?
5
Let k(c) = -c + 19. Let d be (0/1)/(0 - -1). Suppose 5*o = 20, 0 = -5*g + 4*o + 14 + 20. What is the remainder when k(d) is divided by g?
9
Let t be (-34)/(-4) - (-9)/18. Suppose 4*n - 67 = t. Let w(g) = -18*g + 2. What is the remainder when w(-3) is divided by n?
18
What is the remainder when 37 is divided by 4/(-48)*-4*39?
11
Suppose 7 + 13 = 5*g. Suppose 2*k + g = 4*k. What is the remainder when 50 is divided by 1 + -3 + k - -17?
16
Suppose -11*c + 2*c = -549. Calculate the remainder when c is divided by 16.
13
Suppose 5*d + 1 = 5*g - 4, g = -2*d + 1. Let l be (d - 2) + -2 + 0. What is the remainder when 52 is divided by (36/14)/(l/(-28))?
16
Let f = 8 + -3. Let d = 12 - f. Suppose 0 = 2*g - d*g + 275. Calculate the remainder when g is divided by 19.
17
Suppose 15 + 0 = 5*i. Let k be (-1)/(6/i)*-20. Let m = 11 + k. What is the remainder when m is divided by 8?
5
Let p = 97 + -69. Suppose -4*d - r = -78, d - r - p = 3*r. Suppose -3*z - 2*a = -z - 18, 24 = 2*z + 5*a. What is the remainder when d is divided by z?
6
Let s(p) = 8*p - 6. Let f(i) = -9*i + 7. Let q(o) = 5*f(o) + 6*s(o). Let l be q(1). What is the remainder when l/((-3)/(-1 + -41)) is divided by 10?
8
Let j = 4 + 1. What is the remainder when j is divided by 3?
2
Let k be 4*(6/(-4) - -2). Let l be (k - 2*-1)*2. What is the remainder when (-13)/(-3) + l/12 is divided by 3?
2
Suppose -3*d - 2*d = 20. Let o be ((-12)/8)/(2/d). Suppose 60 = o*f - f. Calculate the remainder when f is divided by 16.
14
Suppose v = -1, 0 = 4*f - 4*v - 34 - 66. What is the remainder when 94 is divided by f?
22
Let v be ((-2)/(-3))/(3/18). Suppose -s + 27 = 2*l - 4*s, -l - v = 2*s. Let j(x) = -2*x - 6. Calculate the remainder when j(-8) is divided by l.
4
Let z(s) = -s**2 - 2*s + 9. Let u be z(-8). Let i = 58 + u. What is the remainder when 37 is divided by i?
18
Let q = -3 + -2. Let g(a) = -a**3 - 6*a**2 - 7*a. What is the remainder when g(q) is divided by 4?
2
Let r(b) = 5*b**2 - 1. Let p be r(-1). Suppose 2*o - 2 = -5*x, p*x + 7 = -9. What is the remainder when 32 is divided by o?
10
Let l be -1 - (-7 + 0 + 0). Suppose -5*a + 2*y = l, -a - 2*y + 7*y + 8 = 0. Calculate the remainder when 17 is divided by a/(4/(-2))*5.
2
Calculate the remainder when (2 - 21 - 3)*(-6)/1 is divided by 45.
42
Let g(w) = 3*w**2 + 9*w + 6. Let p be g(-6). Suppose -3*s = -6*r + r + 152, -2*s = -2*r + p. Calculate the remainder when r is divided by (26/(-13))/((-1)/4).
7
Suppose -8*a + 13*a - 585 = 0. What is the remainder when a is divided by 59?
58
Let o(q) = q**3 - 6*q**2 + q - 1. Let s be o(6). Calculate the remainder when 6/(-10) - (-103)/s is divided by 0 + -1 + 24/2.
9
What is the remainder when -1*6*36/(-24) is divided by 4?
1
Let l be 0/(-2*(-2)/(-4)). Suppose l = 3*h - 6*h + 3. What is the remainder when (-4)/(h/((-26)/4)) is divided by 14?
12
Let r be (-3)/6 - 1/(-2). Suppose -5 = -a - r. Suppose 5*y - 3 = 4*z, 0 = -5*y - 5*z + 2*z + 24. Calculate the remainder when a is divided by y.
2
Let m(j) = 57*j - 1. Let h be m(1). Suppose 9 = 5*w - h. Suppose -5*c + 57 = 22. Calculate the remainder when w is divided by c.
6
Suppose 52 = 7*x - 3*x. What is the remainder when 50 is divided by x?
11
Let a = 16 + -13. Let b(m) = m**2 + m - 2. Let g be b(-3). Suppose -2*t - g*d = 6, 0 = -5*t - 0*t - 5*d + 5. Calculate the remainder when t is divided by a.
2
Suppose 0 = -4*z + 5*t + 362, -z - t + 90 = -2*t. Calculate the remainder when z is divided by 18.
16
Suppose 3*a - 3*v + 0*v - 72 = 0, -5*v - 36 = -2*a. Calculate the remainder when 81 is divided by a.
25
Let i(w) = w**2 + 2*w - 20. Suppose -2*j + 3*k = -54, j - 3*k - 20 = 7. What is the remainder when i(9) is divided by j?
25
Let w = 90 + -80. Calculate the remainder when 57 is divided by w.
7
Let g be 0 - ((-36 - -4) + -1). Suppose 2*s = 13 + g. What is the remainder when s is divided by 0/(1 + 0) - -6?
5
Calculate the remainder when 12 is divided by 28/(-8)*1*-2.
5
Let b = 3 - 10. Let o = -5 - b. Calculate the remainder when 6/(-12) + (-9)/(-2) is divided by o.
0
Suppose -5*w - 2*c + 4*c + 121 = 0, 15 = -5*c. Calculate the remainder when w is divided by 6.
5
Let v be (-20)/6*(-108)/(-45). Let n(t) = -t + 3. Calculate the remainder when n(-3) is divided by ((-6)/v)/(2/8).
0
Suppose 2 = -2*r + 8. What is the remainder when 7 is divided by r?
1
Suppose -l + 44 = 6. Calculate the remainder when l is divided by 22.
16
Let a = 99 - 54. What is the remainder when a is divided by 16?
13
Suppose -i = -5*n - 36, 2*i - 4*n = 7*i - 122. Suppose 0 = -2*a - 2*d + i, 0 = -4*d - 7 + 3. What is the remainder when 41 is divided by a?
13
Suppose 5*r + 276 = 7*o - 3*o, -207 = -3*o + 3*r. Calculate the remainder when o is divided by 18.
15
Suppose 8*x = -x + 891. What is the remainder when x is divided by 17?
14
Let b = 41 + -26. Suppose 2*c = -3 + b. What is the remainder when 10 is divided by c?
4
Let l be (4 + -4)*(0 + 1). Suppose -4*a + l*a = -16. What is the remainder when 7 is divided by a?
3
What is the remainder when (42/(-15))/(2/(-10)) is divided by 4?
2
Suppose 5*x + 3213 = -4377. What is the remainder when x/(-77) + (-4)/(-14) is divided by 11?
9
Suppose -4*f - 75 = -5*f. Suppose -6*r + f = -r. Calculate the remainder when 43 is divided by r.
13
Suppose 38*c = 34*c + 280. Calculate the remainder when c is divided by 36.
34
Suppose -7*x - 3*j + 100 = -2*x, -2*j + 13 = x. What is the remainder when 90 is divided by x?
21
Suppose -k + 0 + 55 = 2*w, 5*w + 3*k - 135 = 0. Calculate the remainder when 59 is divided by w.
29
Let k = -72 - -110. Calculate the remainder when 148 is divided by k.
34
Suppose 0 = 5*z + h, 3*h + 2*h = 4*z. Suppose z = 3*k + 115 + 17. Let x = k + 73. What is the remainder when x is divided by 15?
14
Suppose -d - f = -6*d + 121, -5*d + 125 = -5*f. Let v(h) = -8*h**2 + 4*h**3 - 5 - 3*h**3 - 2*h**3 + 7*h. What is the remainder when d is divided by v(-9)?
11
What is the remainder when 47 is divided by 16 - -4*3/(1 + -4)?
11
Calculate the remainder when 46 is divided by 2232/90 + (4/(-10))/(-2).
21
Suppose 16 = 2*p - 4*u + 4, -2*p + 13 = -5*u. Suppose 0 = 3*o + 3*s - 30, 3*o + 14 = 4*o - 3*s. What is the remainder when o is divided by (p/3)/(1/3)?
3
Let o(z) be the third derivative of z**5/60 + z**4/8 + z**3/3 + z**2. What is the remainder when 21 is divided by o(-4)?
3
Suppose 13*m = 7*m + 252. What is the remainder when 79 is divided by m?
37
Suppose -l = -6*l + 160. What is the remainder when l is divided by 17?
15
Suppose -8*j + 3*j + 5 = 0. Suppose 0 = 2*w + 4*s - 16 - 10, 5*w + 2*s = 89. Calculate the remainder when j*w + 0/5 is divided by 7.
5
Let p(l) = l**2 + 9*l - 12. Let r be p(-10). What is the remainder when 49 is divided by (13/r)/(3/(-6))?
10
Suppose 7 = -3*i + 4*i. Calculate the remainder when 18 is divided by i.
4
Suppose -g = g + 12. Let j = -4 - g. What is the remainder when (j - 3)/(1/(-19)) is divided by 10?
9
Suppose 93 = 5*n - 2*n. Let a = 8 - -11. Suppose -4*t + 75 = -0*y + 5*y, -4*y + 5*t + a = 0. Calculate the remainder when n is divided by y.
9
Suppose 3 = l - 3. Let t = l - 3. Calculate the remainder when 10 is divided by t.
1
Suppose -y + 3*y = -b - 2, 2 = 2*y + 2*b. Let g = y - -13. Calculate the remainder when 38 is divided by g.
8
Suppose 10 = -5*j + y - 6*y, 3*j - 3*y + 36 = 0. Let t(o) = -o + 6. What is the remainder when 36 is divided by t(j)?
10
Suppose 6*u - 20*u + 210 = 0. What is the remainder when 55 is divided by u?
10
Let b(a) = -5*a + 2. Suppose 2*f - 1 = 23. Calculate the remainder when b(-4) is divided by f.
10
Let p(w) = -15*w + 7. Calculate the remainder when 36 is divided by p(0).
1
Suppose 4*g - 21 = 43. Let d = g - -1. Calculate the remainder when d is divided by 6.
5
Calculate the remainder when 30 is divided by (-24)/16*16/6*-2.
6
Let d(l) = -l**2 + 54. What is the remainder when d(0) is divided by 19?
16
Let y = -8 - -15. Let h = 11 - y. Suppose h*r + 0 = 28. What is the remainder when 13 is divided by r?
6
Let s(u) = 5*u**3 - 5*u**2 - 4*u - 8. Let z(b) = -6*b**3 + 5*b**2 + 5*b + 9. Let t(d) = -7*s(d) - 6*z(d). Calculate the remainder when 46 is divided by t(-5).
10
Let z be 771/15 + 6/10. Suppose 3*t + 3*v - z = -1, -3*v = t - 17. Calculate the remainder when 31 is divided b